2, 5, 523
Suppose -4*u = -0*u + 4. What are the prime factors of (6/u)/(27/(-234))?
2, 13
Let t(v) = -13*v**3 + 3*v**2 + 2*v - 1. Let g be t(-3). Suppose -7*w + g = -0*w. List the prime factors of w.
53
Suppose 1014 - 916 = 7*a. What are the prime factors of a?
2, 7
Suppose 5*j = 2*b - 142, 0 = 2*b - j - j - 148. Let l = 108 - b. List the prime factors of l.
2
Suppose -5*k + h = 53, k - 4*k = -3*h + 39. Let w = k - -14. Suppose t + w*t - 105 = -y, -3*y - 37 = -t. What are the prime factors of t?
2, 11
Let t = -1022 + 2085. List the prime factors of t.
1063
List the prime factors of 7 + (-3)/((-18)/13116).
3, 17, 43
Let a(p) = p**3 + 12*p**2 + 11*p - 3. Suppose d - 27 = 2*q, 3*q - 4*d = 6*q + 13. Let g be a(q). Let n(r) = -r**3 - r + 3. List the prime factors of n(g).
3, 11
Suppose 0 = -26*b + 28*b + 30. Let u be (-17)/(-2) + b/30. Let c(j) = 6*j - 14. List the prime factors of c(u).
2, 17
Suppose -p + 314 - 18 = 2*n, 0 = -3*p - 2*n + 876. Suppose 4*s = 5*b - p, b + b = 3*s + 123. List the prime factors of b.
2, 3
Let r = 4 - 2. Suppose 5*a - j - 457 = 0, -r*a - 2*j = -6*j - 172. Suppose -2*z = -a + 4. What are the prime factors of z?
2, 11
Let q be (-528)/(-9) + 32/24. List the prime factors of (-1934)/(-8) + (-45)/q.
241
Suppose -2*o = -4*q + 2434, 77*q = 78*q - 2*o - 601. What are the prime factors of q?
13, 47
What are the prime factors of (1 - (-1070)/(-4))/((-98)/196)?
13, 41
Let h be ((-10)/6 - (4 - 6))*21. What are the prime factors of 2/h - (-5676)/28?
7, 29
Let l(w) = w**3 - 11*w**2 + 17*w - 55. Let g be l(10). Let h(j) = -8*j - 16. Let q(i) = i + 1. Let x(a) = -h(a) - 6*q(a). What are the prime factors of x(g)?
2, 5
Let b(z) = -z**3 - 11*z**2 + 14*z + 28. Let y be b(-12). Suppose 2*a = -5*x + x + 72, a + y*x - 26 = 0. What are the prime factors of a?
2, 23
Let t be ((-450)/4)/((-6)/8). Let z = 13 + t. What are the prime factors of z?
163
Let q = -645 - -1715. What are the prime factors of q?
2, 5, 107
Suppose x + 2228 = w + 2*w, -x = 2*w - 1492. List the prime factors of w.
2, 3, 31
Let a(o) = 371*o**2 - 4*o - 7. List the prime factors of a(-2).
3, 5, 11
Let h(v) = -4*v**2 - 3*v + 3. Let x be h(1). Let c(w) = -7*w - 2. What are the prime factors of c(x)?
2, 13
Let a be 5/15 + 8/3. Suppose 0 = -3*s - a*h + 93, 3*h - h = -s + 36. Suppose -w + 4*l + s = 0, -4*w + 2*l = -0*w - 160. List the prime factors of w.
2, 3, 7
Let x = -308 - -733. What are the prime factors of x?
5, 17
Suppose -j = 3*a - 6*j + 16, 3*j = 3*a + 6. Suppose 16 = -a*l - 44. What are the prime factors of -25*(96/l)/4?
2, 3, 5
Let u(j) = -112*j**3 + 4*j**2 + 8*j + 14. What are the prime factors of u(-3)?
2, 5, 61
Let m = 5 - 8. Let f be 2 + 0 + m + 1. List the prime factors of (f + -2)/(-2) + 7.
2
Let b be (1 + -5)*(106 - 0). Let v = -236 - b. What are the prime factors of v?
2, 47
Let g(a) = 4*a**3 - a**2 + 37*a + 10. What are the prime factors of g(6)?
2, 5, 53
Let k be (-395)/(-20) + (-2)/(-8). Suppose -k - 30 = 5*b. Let c = b - -35. What are the prime factors of c?
5
Let k(n) = -3*n - 4. Let v = 6 + -6. Suppose v = -5*w - 5*g - 20, 0 = w - 4*g + 6*g + 3. List the prime factors of k(w).
11
Let p(d) = -5 - 1 - 4 - d**2 + 2*d**2 - 9*d. Let m be p(10). Suppose -6*q + 11*q - 190 = m. List the prime factors of q.
2, 19
Suppose -686 = 4*t + 450. Let n = -138 - t. List the prime factors of n.
2, 73
Suppose 17 = -4*j + 5. Let d = 7 + j. Suppose -d*y = -79 - 13. List the prime factors of y.
23
Suppose 4542 = -14*k + 16232. Suppose -k - 1501 = -16*z. List the prime factors of z.
2, 73
Let r be ((-48)/(-20) + -2)*705. List the prime factors of (-30)/20 + r/4.
3, 23
Suppose -2 = 4*i - 2*d + 4, 14 = 4*i + 2*d. List the prime factors of (57/4)/(i/4).
3, 19
Let b(h) = -h**2 + 8*h + 2. Let q be (-29)/(-4) - (-2)/(-8). Let d be b(q). Let c = d - -3. List the prime factors of c.
2, 3
Let c(z) be the first derivative of 8*z**3/3 + 3*z**2 + 18*z + 31. What are the prime factors of c(-4)?
2, 61
Suppose 2*h - 21 = -3*f, -4*h - f = -0*f - 67. Let v(d) = 5*d - 22. What are the prime factors of v(h)?
2, 17
What are the prime factors of (-8 - -286) + -8 + 2?
2, 17
Let p(d) be the second derivative of d**4/12 + 4*d**3/3 + 17*d**2/2 + 10*d. Let b be p(-6). Suppose 34 = b*c - 3*c. What are the prime factors of c?
17
Suppose 24826 = 21*w + 3406. List the prime factors of w.
2, 3, 5, 17
Suppose 43*v = 54558 - 8419. List the prime factors of v.
29, 37
Suppose 23*d - 137 = -5*c + 27*d, 0 = -c + 3*d + 34. What are the prime factors of c?
5
Let u = 8 + -6. Suppose 0*z - 4*z + u*k + 1534 = 0, 1143 = 3*z - 3*k. Suppose -5*a + z = 126. List the prime factors of a.
2, 13
Suppose d - 6 + 1 = -2*s, -3*d + 12 = 3*s. Let i = 62 + d. Let c = -11 + i. List the prime factors of c.
2, 3
Let j be (-8)/(-20) + 39/15. Suppose 4*w + 5*d = 252, -j*d = -w - 0*d + 80. List the prime factors of w.
2, 17
Let m(k) = k**3 + 13*k**2 + 10*k + 15. Let f be m(-12). Let w = -31 + f. List the prime factors of w.
2
Let q(v) = -v**3 + v**2 + 84. Let h(z) = 5*z**3 - 5*z**2 - z - 335. Let n(i) = 2*h(i) + 9*q(i). List the prime factors of n(0).
2, 43
Let z(y) = -174*y + 1. Let j be z(-2). Suppose 0 = 7*f - j + 62. What are the prime factors of f?
41
Let f(x) = -45*x - 335. What are the prime factors of f(-31)?
2, 5, 53
Let o(y) = 23*y**2 - 20*y + 40. List the prime factors of o(17).
11, 577
Let q(b) = -2*b**2 + 17*b + 11. Let c be q(9). Suppose -57 = -2*p + 3*s, -174 = -7*p + c*p - 3*s. List the prime factors of p.
3, 11
Let y(r) = r + 7. Let h be y(3). Let d be (492/(-15))/(h/(-75)). List the prime factors of d/9*(-9)/(-6).
41
Suppose 0*y = -3*k - 4*y + 13382, -3*k - 5*y + 13387 = 0. What are the prime factors of k?
2, 17, 131
Let y be (-4)/(-26) + (-152)/(-26). Suppose -2*k - 6 = -4*t, -t - k - 12 = -y*k. What are the prime factors of t?
3
Suppose 3*q - 4567 = 4*a - 9*a, 0 = q - 3*a - 1499. What are the prime factors of q?
2, 757
Suppose -2*t + 4*c - 36 + 8 = 0, 0 = -4*c - 4. Let a be 363/5 - t/40. Suppose a = 2*o - 25. What are the prime factors of o?
7
Suppose 2*p = p + 5. Let u be -3 - 3/6*-22. Suppose -u*f + p*f + 84 = 0. List the prime factors of f.
2, 7
Let m = -382 - -223. Let v = -110 - m. Suppose -2*u + l = -33, v = 5*u + 4*l - 53. What are the prime factors of u?
2, 3
Let j be (0 - -1)*(-3 - 3)/(-2). Suppose j*c = 6, 5*p - 130 - 69 = -2*c. What are the prime factors of p?
3, 13
Let g = 12 + -7. Suppose g*q + 75 = j, 3*j = -0*q - 4*q + 301. What are the prime factors of j?
5, 19
Let r(l) = -l**2 - 5*l + 12. What are the prime factors of r(-4)?
2
Suppose 0 = 39*c - 32*c - 2835. List the prime factors of c.
3, 5
Suppose g + 1 - 5 = 3*c, 8 = 2*c + 2*g. Suppose -3*i = d + 26, 5*i + d - 8 + 48 = c. List the prime factors of (i - -8)*(0 + 33).
3, 11
Suppose 3*s + 4*n + 0*n = 1816, -4*n + 4 = 0. Suppose -1153 - s = -7*i. What are the prime factors of i?
251
Suppose 0 = 17*g - 13*g - 20. Suppose 2*i - i - 27 = a, 5*a + g = 0. List the prime factors of i.
2, 13
What are the prime factors of ((-5)/((-40)/(-116)))/(2/(-48))?
2, 3, 29
Let v = 1155 + -492. Suppose -7*s = v - 1895. List the prime factors of s.
2, 11
Let l be -2 + 15*(-3)/(-9). Suppose l*h - 63 = 54. List the prime factors of h.
3, 13
Suppose -15*g = 4*h - 13*g - 12178, 0 = -2*g - 6. List the prime factors of h.
2, 1523
List the prime factors of -2 - 5*(7028/(-20) + -5).
2, 5, 89
Suppose 0 = -4*u + 6*u. Suppose -b + 0*l - l + 4 = u, -3*l + 21 = 4*b. List the prime factors of b.
3
What are the prime factors of (47 + -350)/((-1)/3)?
3, 101
Suppose 3 = -3*l - 15. Let m(d) = -d**3 + 4*d**2 + 26*d + 14. What are the prime factors of m(l)?
2, 109
List the prime factors of 2841 - (-3)/(27/72).
7, 11, 37
Let f = 962 + -142. List the prime factors of f.
2, 5, 41
Let a(j) = 7*j**2 + 3*j + 2. Let i be a(-1). Suppose -3*y = p + 4 - i, 0 = -5*y + 2*p - 4. Suppose -59 + y = -r - w, w - 5 = 0. What are the prime factors of r?
2, 3
Let d be (36/8)/(3/(-66)). Let t = -40 - d. List the prime factors of t.
59
Let h(l) = 2*l**2 + 5*l + 3. Let f be h(-2). Let t(z) = 88*z**2 - z + 1. What are the prime factors of t(f)?
2, 11
Let x = 238 + 258. List the prime factors of x.
2, 31
Let s(c) = -2*c**2 + 34*c. What are the prime factors of s(11)?
2, 3, 11
Let r(j) = -j**3 + 6*j**2 - 4*j - 2. Le